se
Is 58 a factor of 16414?
True
Does 49 divide 245?
True
Does 14 divide 10367?
False
Is 25 a factor of 677?
False
Is 13 a factor of 1489?
False
Does 8 divide 2432?
True
Does 164 divide 38099?
False
Is 1707 a multiple of 4?
False
Is 7 a factor of 1781?
False
Is 8 a factor of 32821?
False
Is 14154 a multiple of 9?
False
Is 2 a factor of 66?
True
Is 646 a multiple of 24?
False
Does 15 divide 11910?
True
Does 11 divide 80201?
True
Is 8 a factor of 6440?
True
Does 6 divide 282?
True
Does 9 divide 8604?
True
Is 2119 a multiple of 160?
False
Is 27 a factor of 3442?
False
Is 27 a factor of 9666?
True
Is 11 a factor of 107?
False
Does 11 divide 1661?
True
Is 539 a multiple of 16?
False
Is 22 a factor of 13211?
False
Does 159 divide 5406?
True
Does 8 divide 651?
False
Is 6 a factor of 1525?
False
Is 104 a factor of 4472?
True
Is 35 a factor of 700?
True
Is 704 a multiple of 16?
True
Is 32 a factor of 80689?
False
Is 184 a multiple of 23?
True
Is 23 a factor of 2033?
False
Does 20 divide 85840?
True
Is 7 a factor of 532?
True
Is 50 a factor of 550?
True
Does 9 divide 9086?
False
Is 2184 a multiple of 24?
True
Does 25 divide 7025?
True
Is 2184 a multiple of 24?
True
Is 1273 a multiple of 10?
False
Does 45 divide 7335?
True
Is 102 a factor of 612?
True
Is 64 a factor of 130304?
True
Is 66499 a multiple of 204?
False
Does 63 divide 6363?
True
Does 103 divide 14770?
False
Is 17 a factor of 816?
True
Does 49 divide 23333?
False
Is 10097 a multiple of 23?
True
Is 718 a multiple of 8?
False
Is 200 a factor of 13744?
False
Is 22 a factor of 35?
False
Is 2145 a multiple of 4?
False
Is 13 a factor of 323?
False
Does 22 divide 11096?
False
Is 89 a factor of 1327?
False
Is 471 a factor of 167676?
True
Is 32 a factor of 38711?
False
Does 118 divide 160952?
True
Is 21 a factor of 859?
False
Is 23 a factor of 3629?
False
Is 7200 a multiple of 60?
True
Is 35 a factor of 1715?
True
Is 3 a factor of 51?
True
Does 8 divide 3088?
True
Is 6625 a multiple of 5?
True
Is 10 a factor of 798?
False
Does 56 divide 10360?
True
Does 114 divide 12996?
True
Is 99 a factor of 3960?
True
Is 11 a factor of 8504?
False
Is 21 a factor of 273?
True
Is 117 a multiple of 39?
True
Is 3968 a multiple of 32?
True
Does 11 divide 1562?
True
Is 21 a factor of 16632?
True
Is 8 a factor of 332?
False
Is 768 a multiple of 11?
False
Does 130 divide 1094?
False
Is 27010 a multiple of 26?
False
Does 12 divide 2846?
False
Is 40 a factor of 31739?
False
Does 111 divide 19425?
True
Is 3165 a multiple of 24?
False
Does 15 divide 2445?
True
Is 6321 a multiple of 147?
True
Is 7 a factor of 6538?
True
Is 12486 a multiple of 9?
False
Does 45 divide 135?
True
Is 441 a multiple of 46?
False
Does 169 divide 73008?
True
Does 19 divide 1224?
False
Does 5 divide 570?
True
Does 87 divide 145738?
False
Is 480 a multiple of 48?
True
Is 868 a multiple of 14?
True
Does 90 divide 3168?
False
Is 9354 a multiple of 34?
False
Is 25 a factor of 20225?
True
Is 400 a multiple of 16?
True
Is 5 a factor of 1290?
True
Is 28 a multiple of 28?
True
Does 99 divide 693?
True
Is 4 a factor of 1544?
True
Does 8 divide 3800?
True
Is 5 a factor of 305?
True
Is 161 a factor of 22379?
True
Is 6054 a multiple of 26?
False
Does 18 divide 9303?
False
Is 19 a factor of 10887?
True
Is 13 a factor of 1352?
True
Does 25 divide 1250?
True
Does 63 divide 13671?
True
Does 22 divide 418?
True
Is 75 a factor of 61875?
True
Is 21856 a multiple of 32?
True
Does 30 divide 5610?
True
Does 208 divide 358?
False
Does 61 divide 263?
False
Is 58840 a multiple of 40?
True
Does 71 divide 34719?
True
Is 330 a multiple of 8?
False
Does 29 divide 34812?
False
Does 32 divide 57344?
True
Is 25200 a multiple of 20?
True
Is 3 a factor of 5470?
False
Is 2664 a multiple of 12?
True
Is 41 a multiple of 12?
False
Is 69476 a multiple of 12?
False
Does 10 divide 11820?
True
Is 212 a multiple of 4?
True
Does 39 divide 975?
True
Is 1152 a multiple of 36?
True
Is 30 a factor of 11186?
False
Is 20020 a multiple of 286?
True
Is 117640 a multiple of 85?
True
Is 9614 a multiple of 23?
True
Does 6 divide 379?
False
Is 35 a factor of 1434?
False
Does 4 divide 376?
True
Is 206 a multiple of 6?
False
Is 1386 a multiple of 21?
True
Does 3 divide 270?
True
Does 39 divide 9087?
True
Is 134069 a multiple of 62?
False
Is 59 a factor of 9912?
True
Does 49 divide 2449?
False
Is 14035 a multiple of 9?
False
Is 1065 a multiple of 71?
True
Is 4826 a multiple of 29?
False
Does 13 divide 16377?
False
Does 10 divide 36?
False
Is 600 a multiple of 15?
True
Is 32 a factor of 960?
True
Does 16 divide 3292?
False
Is 5412 a multiple of 33?
True
Is 106 a factor of 212?
True
Is 5548 a multiple of 76?
True
Is 14 a factor of 1218?
True
Is 71538 a multiple of 49?
False
Is 32 a factor of 20352?
True
Is 15333 a multiple of 19?
True
Is 259 a multiple of 10?
False
Is 7 a factor of 274?
False
Is 27 a factor of 10665?
True
Is 380 a multiple of 10?
True
Is 75192 a multiple of 13?
True
Is 36 a factor of 72?
True
Is 99 a multiple of 7?
False
Is 6 a factor of 2510?
False
Does 180 divide 18227?
False
Is 25 a factor of 252?
False
Does 2 divide 60?
True
Does 13 divide 2717?
True
Is 83391 a multiple of 15?
False
Does 42 divide 1974?
True
Does 9 divide 1980?
True
Does 18 divide 67?
False
Is 4 a factor of 1128?
True
Does 15 divide 46?
False
Does 14 divide 231?
False
Is 1374 a multiple of 229?
True
Does 7 divide 336?
True
Does 34 divide 2083?
False
Is 27242 a multiple of 26?
False
Is 15 a factor of 1785?
True
Is 480 a multiple of 3?
True
Is 8 a factor of 999?
False
Is 39481 a multiple of 31?
False
Is 235 a multiple of 47?
True
Is 14 a factor of 480?
False
Is 6 a factor of 5376?
True
Is 537 a multiple of 28?
False
Is 5 a factor of 28900?
True
Is 47 a multiple of 2?
False
Does 51 divide 3213?
True
Is 7 a factor of 61682?
False
Does 7 divide 1140?
False
Is 102 a factor of 15166?
False
Is 129 a multiple of 15?
False
Is 8739 a multiple of 9?
True
Is 2297 a multiple of 9?
False
Does 104 divide 208?
True
Is 46 a factor of 368?
True
Is 44 a factor of 132?
True
Does 4 divide 677?
False
Is 46353 a multiple of 191?
False
Is 6 a multiple of 3?
True
Is 23088 a multiple of 16?
True
Is 50 a factor of 34500?
True
Is 31925 a multiple of 283?
False
Does 133 divide 10108?
True
Is 123 a factor of 12669?
True
Is 420 a multiple of 28?
True
Is 23 a factor of 766?
False
Does 51 divide 2346?
True
Is 82090 a multiple of 51?
False
Does 17 divide 21719?
False
Is 18 a factor of 47517?
False
Does 43 divide 7525?
True
Does 27 divide 195175?
False
Does 44 divide 792?
True
Is 11319 a multiple of 49?
True
Is 32 a factor of 7776?
True
Does 37 divide 4810?
True
Is 3936 a multiple of 24?
True
Does 4 divide 102?
False
Is 473 a multiple of 16?
False
Is 21 a factor of 168?
True
Is 626 a multiple of 16?
False
Is 95533 a multiple of 83?
True
Does 25 divide 18938?
False
Is 9 a factor of 187?
False
Does 111 divide 1637?
False
Does 24 divide 532?
False
Is 4532 a multiple of 11?
True
Does 28 divide 985?
False
Is 97 a factor of 1358?
True
Does 11 divide 137?
False
Is 400 a multiple of 52?
False
Is 15 a factor of 169?
False
Is 81 a multiple of 2?
False
Is 3 a factor of 542?
False
Does 79 divide 13751?
False
Does 25 divide 1500?
True
Is 8 a factor of 1753?
False
Is 1324 a multiple of 24?
False
Is 68 a factor of 15028?
True
Is 20 a multiple of 3?
False
Is 155 a factor of 25188?
False
Does 44 divide 18700?
True
Does 11 divide 627?
True
Does 123 divide 7380?
True
Is 53 a multiple of 8?
False
Is 12540 a multiple of 60?
True
Is 60 a factor of 122340?
True
Does 4 divide 160?
True
Does 16 divide 8313?
False
Does 19 divide 4541?
True
Is 13 a factor of 189?
False
Does 199 divide 398?
True
Is 25 a factor of 2455?
False
Is 1989 a multiple of 51?
True
Is 2617 a multiple of 13?
False
Is 70 a factor of 2450?
True
Does 47 divide 611?
True
Does 167 divide 99795?
False
Is 43 a factor of 9004?
False
Does 25 divide 2575?
True
Is 1240 even?
True
Is 77 a multiple of 16?
False
Does 13 divide 1001?
True
Is 35740 a multiple of 4?
True
Is 106 a factor of 3997?
False
Does 26 divide 6005?
False
Is 4 a multiple of 2?
True
Is 34 a factor of 1122?
True
Does 3 divide 149?
False
Is 19 a factor of 437?
True
Is 794 a multiple of 11?
False
Is 500 a multiple of 10?
True
Does 3 divide 117?
True
Is 30597 a